4*u - 4, -5*g + 10 = 4*u. Let s be (16 + u)*(4 - 2). Calculate the highest common factor of s and 176.
16
Suppose 950 - 1587 = -7*o. What is the greatest common factor of o and 195?
13
Let n be 2751/98 + -8 + (-91)/1274. Suppose -4*d = -5*p + 40, 11 = -3*d - 4. Calculate the greatest common divisor of n and p.
4
Let y(p) = -268*p - 5052. Let n be y(-19). What is the greatest common factor of n and 23480?
40
Suppose 4*v - 32*p = -28*p + 5176, 2*p + 4 = 0. What is the highest common divisor of 289 and v?
17
Suppose -5*p + 180 - 20 = 5*y, -3*p = -4*y + 114. Calculate the highest common factor of y and 2055.
15
Let y(b) = -5*b**2 - 35. Let z be y(6). Let d = 221 + z. Calculate the highest common factor of d and 54.
6
Let v(f) = -54*f + 2040. Let d be v(37). What is the highest common divisor of 606 and d?
6
Let r be ((-1045)/10)/(9590/(-1596) + 6). What is the highest common factor of 132 and r?
33
Let i be 95 - (1 + 1)*45/(-18)*1. Calculate the highest common factor of i and 700.
100
Let q be (7 + -6)/((-3)/6). Let m be 1/3 - q/((-12)/(-10)). Suppose 3*j = f + 122, 0 - m = -2*f. Calculate the greatest common divisor of j and 205.
41
Suppose -10*t + 7429 = 899. Let g = t + -510. Calculate the highest common divisor of 13 and g.
13
Let b = 9 - 1. Suppose 7*j + 27 = -0*j + 104. Calculate the highest common factor of b and j.
1
Suppose -5*j - 30 = -5*k, 5*k - 4*j - 26 = 5. Suppose -4*t - 4 = 0, -2*o + 16 = -4*t - 28. Let x = 41 - o. What is the greatest common factor of x and k?
7
Suppose 4*b + 3120 - 3392 = 0. What is the highest common divisor of b and 3162?
34
Let a(i) be the first derivative of -i**4/4 + 4*i**3 + 6*i + 8. Let c be a(12). Suppose 0 = 5*q - 211 + 1. What is the highest common factor of c and q?
6
Let g(k) = k**3 - k**2 - 7*k + 13. Let a be g(4). Let c = 2 + a. Let u be (2 - 0) + c + -11. Calculate the highest common factor of u and 39.
13
Let a(m) = -2*m - 16. Let z be a(-10). Let r be (-768)/11 + z/(-22). Let p = 98 + r. Calculate the highest common divisor of p and 70.
14
Let g = 3932 - 3913. Calculate the greatest common factor of 3572 and g.
19
Let h(x) = -x**3 + 11*x**2 + 15*x - 9. Let t be h(11). Suppose 5*q = -r + t, r + 68 = 3*q - 32. Calculate the greatest common divisor of 32 and q.
32
Let v = 124 + -124. Suppose a - 20 = -3*a - 2*k, -3*k = v. Suppose -3*g = a*i - 162, 6*i - 2*i - g - 133 = 0. Calculate the greatest common divisor of 99 and i.
33
Let w be (-55041)/(-20968)*(-32)/(-6). Let m(j) = 2*j**2 + 2*j - 3. Let p be m(3). What is the greatest common divisor of w and p?
7
Let w be ((-2)/(-6) + 1)*21/14. Let a be (6 - (-8)/(-1))*(-9)/w. Let o be 1191/12 - 2/8. Calculate the greatest common factor of a and o.
9
Let z(s) = s**3 - 6*s**2 + 6*s + 8. Let o be z(6). Let l be 92/22 + 2 - (-28)/(-154). Suppose 4*y + o = l*y. What is the highest common factor of 176 and y?
22
Suppose 110*q - 49714 = 4*q. Calculate the greatest common factor of 5427 and q.
67
Suppose 69*d = 65*d - 16. Let g be (0 + d)/(2 - 3) - -4. What is the highest common divisor of 1 and g?
1
Suppose -2*v - 15 = 3*v. Let k be 8/28 + v/21*-425. Calculate the greatest common divisor of k and 427.
61
Let g be 37 - (-3 + 2)/(3/9). Let n be (7/14)/(3/30). Calculate the highest common divisor of g and n.
5
Suppose 30*t = 2724 - 174. Calculate the highest common divisor of t and 1717.
17
Let i be (32/(-40))/((-8)/(-2440)). Let b = i + 343. Calculate the highest common factor of 11 and b.
11
Suppose 0*f = -3*f + 27. Let h be (-447)/(-5) + 4/(-10). Let m = h + -80. What is the highest common factor of m and f?
9
Let h(p) = 8*p - 132. Let m be h(18). Let b be (m/18)/(4/10962*7). What is the highest common divisor of b and 29?
29
Suppose -19*p + 21*p = -4*w + 632, -5*p = -3*w - 1593. What is the greatest common factor of 30 and p?
6
Let m(q) = -6 + 7*q + 0 + q. Suppose 2*a = 3*l - 8, -l - 1 = 30*a - 27*a. Let t be m(l). Calculate the greatest common divisor of t and 15.
5
Let u(m) be the first derivative of m**3 + 4*m**2 - 3*m + 53. Let r be u(-4). Calculate the greatest common factor of 143 and r.
13
Let g = 77 - 110. Let i(t) = t**2 + 35*t + 126. Let p be i(g). What is the greatest common divisor of 20 and p?
20
Suppose -3*j + 3*r + 40 = -2*r, j + 2*r = -5. Let g be ((-20)/j)/(-4)*-5. Let x be (g/3)/((-4)/144). What is the highest common factor of 3 and x?
3
Let n(x) = -3*x**3 - 16*x + 9*x**2 + 0*x**3 - 38 + 26 + 4*x**3. Let p be n(-10). Suppose -t = t - p. What is the highest common divisor of t and 48?
24
Suppose -4*l + l + 123 = 0. Let h = 44 - l. Suppose -10*d + 245 = -h*d. What is the greatest common factor of 70 and d?
35
Let y(s) = s + 4. Let j be y(8). Suppose 28 = j*i - 11*i. Let h = -45 + 87. What is the greatest common factor of i and h?
14
Let r(b) = b**2 - 11*b + 32. Let i be r(5). Suppose -2*s - 370 = -h, -i*h + 4*h + 5*s = 758. Calculate the greatest common factor of 34 and h.
34
Let p = 1891 + -502. Calculate the highest common divisor of p and 3.
3
Suppose -40*d + 1481 = -279. Suppose 495 = 79*o - 64*o. Calculate the highest common factor of o and d.
11
Let h be ((-7)/3)/(3/(-1611)). What is the highest common divisor of h and 7?
7
Let l be (-10)/105 - (-1792)/294. Let n = 25 - 1. What is the highest common divisor of n and l?
6
Suppose -2*c - 6 = -14. Suppose -16 = -2*u + c*w, 5*w - 7*w + 12 = u. What is the greatest common divisor of 40 and u?
10
Let w = 1002 + -967. Let k(s) = 3*s**2 - 3*s**2 + 5*s - 7 - 3*s**2 + 4*s**2. Let d be k(-7). Calculate the highest common factor of d and w.
7
Let o = -3386 - -6460. Calculate the highest common factor of 212 and o.
106
Suppose 27 = 3*d - 193*d + 787. Calculate the greatest common divisor of d and 151.
1
Suppose 4*l - 64 = -0*l. Suppose 336*a - 324*a - 72 = 0. What is the greatest common divisor of a and l?
2
Let y(n) = 4*n**2 - 1. Let i be y(1). Suppose -1311*c - 6 = -1317*c + 12. What is the greatest common divisor of c and i?
3
Let r(z) = 6*z - 20. Let q be r(10). Let m be 105*(38/q + (-29)/(-116)). Calculate the highest common divisor of m and 2.
2
Suppose -3872 = -30*n + 5338. Let f = 462 - n. What is the greatest common factor of 93 and f?
31
Let m = 22 - 14. Let p(n) = n**2 - 7*n - 6. Let k be p(16). Let c = k - 58. Calculate the greatest common divisor of m and c.
8
Let z be (4/6)/((-2)/33). Let b be (-3)/2 - (-93)/62. Let q be 1 + b + (-110)/z. What is the highest common factor of 44 and q?
11
Let u be (-2706)/(-264)*(230 + -2). Calculate the highest common factor of 57 and u.
57
Let x(k) = 2*k**2 - 67*k + 108. Let a be x(33). Suppose 0 = t + j - 53, t - 78 + 19 = -3*j. What is the highest common factor of a and t?
25
Let s be (2/4)/(3/324). Let r = 24797 + -24617. What is the highest common divisor of s and r?
18
Let l(w) = -209*w - 198. Let p be l(-2). Suppose -d = -5*d + 5*c + 327, 0 = -2*d - 2*c + 186. What is the highest common divisor of d and p?
44
Let h = -909 - -1047. What is the greatest common divisor of h and 15042?
138
Let v(g) = 16*g + 4670. Let z be v(-52). Calculate the highest common factor of 808 and z.
202
Let v(c) = -c**2 - 14*c - 19. Suppose 4*h + 6*g = 2*g - 48, 2*h = -4*g - 34. Let p be v(h). What is the highest common factor of 15 and p?
15
Let j = -7195 + 9230. What is the greatest common divisor of 55 and j?
55
Let r(h) = 19*h + 41. Let d be r(19). Suppose 0 = -g - 0*q - 3*q, -2*q = -g + 10. What is the highest common factor of g and d?
6
Suppose -8*m = -20*m - 1488. Let y = m + 280. Calculate the highest common divisor of y and 12.
12
Let g = -335 - -339. Suppose g*p = 116 + 144. What is the highest common factor of 585 and p?
65
Let j = 29 + 9. Suppose -3*b = -4*q - 122, 3*q = 2*b + 25 - 107. What is the highest common divisor of b and j?
38
Suppose 0 = 20*d - 988 - 92. What is the highest common divisor of d and 26?
2
Let p be (-84)/(-7) + -1 + 0. Suppose -4*t = 2*l - 38, l = -3*t - 4*l + 25. Let a be (t/(-8))/((-10)/440). What is the greatest common divisor of p and a?
11
Suppose p = 3*i - 7, i + 2 = -p - 1. Let x be ((-18)/p + -4)*170. Let q be (1/1)/(1/17). What is the highest common factor of q and x?
17
Suppose -55*m + 59*m - d - 77 = 0, -4*d = 5*m - 70. Calculate the greatest common factor of m and 642.
6
Let n(j) = -138*j**3 + 3*j**2 - j - 3. Let q be n(-1